et t = -348 - -524. Let j(k) = -3*k + 7. Let z be (1 - 0)*(-5)/1. Let b be j(z). What is the highest common factor of t and b?
22
Let h(p) = p**2 - 3*p + 2. Let o = 32 + -26. Let w be h(o). Calculate the highest common factor of w and 8.
4
Suppose 0 = 4*m + 4*t - 6*t - 1538, 0 = 2*t + 2. What is the highest common divisor of m and 3?
3
Let i be -2 - -1 - (20 + -53). Let s be (-2)/3*(-240)/i. Calculate the highest common factor of s and 15.
5
Let j be (-4)/18 + -218*(-3)/27. What is the greatest common divisor of j and 96?
24
Let o = -2613 + 2665. Calculate the greatest common factor of o and 4.
4
Let c(r) be the third derivative of -r**4/6 - 5*r**3/2 + 20*r**2. Let v be c(-6). Calculate the highest common factor of 1 and v.
1
Let i(o) be the first derivative of o**4/4 - o**3 + 10*o - 38. Let l be i(3). What is the greatest common divisor of l and 20?
10
Suppose p - 3*p + 490 = 0. Calculate the highest common divisor of 343 and p.
49
Suppose 19 = -8*k + 99. Suppose -7*b - 18 = -k*b. What is the greatest common divisor of 78 and b?
6
Let t be 41/41 - (-2 + 2). Calculate the highest common divisor of 100 and t.
1
Let l be (-1070)/(-2354) - 6/(-11). Calculate the highest common divisor of 25 and l.
1
Let p be (12 - 3)*(-8)/(-12). What is the highest common divisor of 54 and p?
6
Let i(t) = -14*t + 1. Let y be i(-6). Let s = 513 + -484. Let p = y - s. Calculate the greatest common factor of 7 and p.
7
Suppose -114 = -8*d + 22. Suppose -408 = -2*n - 4*n. What is the highest common factor of d and n?
17
Let a = -13 - -7. Let p(i) = -i**3 - 7*i**2 - 6*i - 3. Let m be p(a). Let g be 315/(-28)*8/m. Calculate the highest common divisor of 12 and g.
6
Let y be (((-156)/(-36))/13)/(1/72). Calculate the highest common divisor of y and 66.
6
Let n be -3 + 8 + (-7)/(21/6). Suppose -n*y = -y - 20. Calculate the greatest common divisor of y and 35.
5
Suppose 0 = -4*g + 5 + 3. Suppose 0*r = g*r - 32. What is the greatest common factor of 128 and r?
16
Let o be (-136)/12*(-45)/6. Calculate the greatest common factor of o and 102.
17
Let t = 414 + -372. Calculate the highest common factor of t and 224.
14
Let g(o) = -o**3 - o**2 - 38*o + 91. Let l be g(0). What is the greatest common factor of 77 and l?
7
Let d(z) = z**2 - 12*z - 91. Let b be d(-9). What is the highest common divisor of 14 and b?
14
Suppose -23 = -2*b + 3*x, -5*x - 21 = 4. Let d be (3*12)/(-2 + b). What is the greatest common factor of 90 and d?
18
Let a = 474 + -471. What is the highest common factor of 123 and a?
3
Let k = 245 + -207. Calculate the highest common factor of k and 247.
19
Let w be (1 - (5 - 2))*-2. Suppose w*x - 5*o = 22, 3*o + 2 = 3*x - 2*x. What is the highest common factor of x and 64?
8
Suppose 0 = q - 2*q + 21. Calculate the greatest common factor of 147 and q.
21
Suppose 4*y - 2*y = 8. Let v be (-2)/y*(1 - 335). Suppose -598 = -5*i + v. Calculate the greatest common divisor of 17 and i.
17
Let p(r) = 2*r - 8. Let v be p(6). Let y = -2 + v. Suppose -y*i = 80 - 346. Calculate the greatest common divisor of 19 and i.
19
Let f(m) = -m**2 + 24*m - 47. Let g be f(17). What is the highest common divisor of 24 and g?
24
Let h be ((-30)/(-4))/(-5)*-40. Let d be -1 - (-6 + 4) - 22. Let x = d - -33. What is the highest common divisor of x and h?
12
Let s(x) = x**3 - 7*x**2 + 4*x - 6. Let m be s(7). Suppose 10*h - 1540 = -18*h. Calculate the highest common divisor of h and m.
11
Let k(p) = p**2 + 1. Let x(g) = 2*g**2 + 15*g + 14. Let a(v) = -3*k(v) + x(v). Let z be a(15). Calculate the highest common divisor of 55 and z.
11
Let g be 57 - -1*(-2 + 1). Let n(y) = 2*y - 2. Suppose 5*z + 2*u - 25 - 6 = 0, 4*u + 13 = 5*z. Let k be n(z). What is the highest common divisor of g and k?
8
Suppose -4*r + 2*r + 126 = 0. Suppose 5*c + w + 45 = 6*w, -c - w = -1. Let v be 82/12 + c/(-24). What is the greatest common divisor of r and v?
7
Let u(m) = m**2 + 12*m + 15. Let k be u(-11). Suppose 1 = j - k. Suppose 0 = -j*x - p + 240, 66 + 78 = 3*x - p. Calculate the highest common divisor of 6 and x.
6
Let g be (1 - 2)/((-3)/(-39)). Let t = -8 - g. What is the highest common divisor of t and 1?
1
Suppose 5*r - 5*i = 90, -5*r + 2*r - 2*i = -69. What is the greatest common factor of 6 and r?
3
Let k be 4/(-18) + 398/9. Let o = 56 - k. Calculate the greatest common divisor of 12 and o.
12
Let n(j) = 4 - 79 + 14*j + 2. Let k be n(6). What is the greatest common divisor of 88 and k?
11
Let j = 665 - 597. What is the highest common factor of j and 1?
1
Let j(x) = 3*x**2 + 32*x + 60. Let m be j(-2). What is the highest common factor of 44 and m?
4
Let n be 2*-6*(-4)/16. Suppose 0*d - 3*d = n*r + 30, -d + 10 = -3*r. Let h be (d/10)/(1/(-26)). Calculate the highest common factor of 39 and h.
13
Suppose 12 = -4*h, h - 181 = -3*v + 245. Calculate the highest common divisor of 88 and v.
11
Let y = 300 + -283. What is the greatest common factor of y and 391?
17
Let t = 64 - -62. What is the greatest common factor of 21 and t?
21
Suppose -2*q + 2*z = -1160, -3*q + 8*q - 2905 = 4*z. What is the highest common divisor of 45 and q?
45
Suppose 0 = 19*l - 17*l. Suppose 0*g + 12 = 2*g. Let b be g/(l + (-2)/(-5)). Calculate the greatest common factor of 120 and b.
15
Let h = 235 - 165. Let w be (0 + 0)/(7 + -5). Suppose -3*s - 2*s + 140 = w. Calculate the highest common divisor of s and h.
14
Suppose 2858*x - 2870*x + 4 = -104. Let v(a) = 9*a**3 + a - 1. Let w be v(1). Calculate the greatest common divisor of x and w.
9
Suppose 2 - 18 = -4*w. Suppose 56 = w*c - 2*c. Suppose k = -0 + 7. What is the greatest common factor of k and c?
7
Suppose 0 = 220*a - 225*a + 215. What is the highest common divisor of 387 and a?
43
Let k(c) = -2*c - 11. Let t be k(-10). Suppose 0*i + 3*i = t. Suppose s + 364 = i*s. Calculate the greatest common divisor of 26 and s.
26
Let o(h) = -h**2 + 5*h + 17. Let g be o(7). Suppose -b = 1 - g. Let d be b/(-1) - (-128)/2. Calculate the highest common factor of d and 155.
31
Let q = 19 - 19. Let b = q + 7. Suppose 0 = 4*i + 3*x - 109, 5*i - 4*x = -7*x + 137. What is the greatest common factor of b and i?
7
Let k = -75 - -106. Let a be 123 - -3*3/9. What is the greatest common factor of k and a?
31
Let v(h) = h**3 - 2*h**2 + h - 1. Let m be v(3). Let k = m + 3. Suppose 212 = 5*p - 418. Calculate the highest common divisor of k and p.
14
Let m(j) = -88*j - 178. Let t be m(-6). What is the highest common factor of t and 50?
50
Suppose -50*g + 71*g = 7875. What is the highest common factor of 15 and g?
15
Let s = -355 + 369. What is the greatest common factor of 203 and s?
7
Let p be 9 - (-52)/(8 + -4). What is the highest common divisor of 99 and p?
11
Let u be (-7)/28 + 193/4. Let o = 14 + -10. Suppose 3*x = -2*x - 5, -o*x = 2*r - 8. What is the highest common divisor of r and u?
6
Let a be (-11 - -24)/((-2)/(-22)). What is the greatest common divisor of a and 11?
11
Let i(n) = -9*n**2 + 41*n + 3. Let k(o) = o**2. Let w(q) = i(q) + 4*k(q). Let p be w(8). Calculate the highest common factor of 1 and p.
1
Suppose 0 = -x + 17 + 3. Suppose -5*c + 28 = 2*i, c - 5*c - i = -x. Let a be 1/3*(8 + c). Calculate the highest common factor of 4 and a.
4
Suppose -5*t + 3*t + 2 = 2*q, 2*t = -3*q + 5. Let z = 0 + q. Let n = 10 - 8. Calculate the greatest common divisor of z and n.
1
Let n(x) = 350*x + 201. Let u be n(7). Calculate the highest common factor of u and 22.
11
Let i(n) = n + 23. Let y(p) = p**2 - 7*p + 6. Let b be y(6). Let t be i(b). Suppose q - t - 40 = 0. Calculate the highest common divisor of 7 and q.
7
Let n be (-50)/10 + 4 + 61 + 0. Calculate the highest common factor of 90 and n.
30
Let a(g) = g**3 - 7*g**2 + 8*g + 5. Let i be a(6). Let p be 6*33*148/(-18). Let b be p/(-16) - 3/(-12). Calculate the greatest common divisor of b and i.
17
Let m(u) = -27*u - 36. Let f be m(-12). Calculate the highest common divisor of 18 and f.
18
Let d(f) = -1. Let q(w) = -143*w**3 + w**2 - w - 6. Let n(b) = 5*d(b) - q(b). Let y be n(1). What is the highest common divisor of 36 and y?
36
Let z be 10 - (-736)/(-72) - (-1370)/9. Calculate the highest common divisor of z and 114.
38
Suppose -2*r + 2 = r - 5*n, -r - 3*n + 10 = 0. Let i be 486/(-12)*10/(-5) + -3 - -2. What is the highest common factor of r and i?
4
Suppos